 is the hundreds digit of 10258459?
4
What is the ten thousands digit of 858246?
5
What is the hundreds digit of 661668?
6
What is the tens digit of 171878?
7
What is the hundreds digit of 3833893?
8
What is the tens digit of 124147?
4
What is the hundred thousands digit of 186107?
1
What is the tens digit of 1211950?
5
What is the millions digit of 1852251?
1
What is the ten thousands digit of 2854585?
5
What is the thousands digit of 62630?
2
What is the hundred thousands digit of 649190?
6
What is the hundred thousands digit of 668740?
6
What is the tens digit of 344536?
3
What is the millions digit of 1235561?
1
What is the millions digit of 4108193?
4
What is the hundred thousands digit of 499151?
4
What is the ten thousands digit of 13233261?
3
What is the hundred thousands digit of 11586292?
5
What is the millions digit of 18555791?
8
What is the tens digit of 1416825?
2
What is the thousands digit of 2144553?
4
What is the thousands digit of 24753558?
3
What is the ten thousands digit of 3336313?
3
What is the ten thousands digit of 688222?
8
What is the thousands digit of 84765?
4
What is the tens digit of 276562?
6
What is the thousands digit of 1361122?
1
What is the tens digit of 18329093?
9
What is the ten thousands digit of 2722332?
2
What is the thousands digit of 27663710?
3
What is the hundreds digit of 1601835?
8
What is the thousands digit of 1063918?
3
What is the hundred thousands digit of 3452494?
4
What is the hundreds digit of 967073?
0
What is the tens digit of 188420?
2
What is the ten thousands digit of 1821897?
2
What is the ten thousands digit of 608648?
0
What is the tens digit of 1093197?
9
What is the hundred thousands digit of 2343187?
3
What is the units digit of 888573?
3
What is the ten thousands digit of 665461?
6
What is the ten millions digit of 24987588?
2
What is the millions digit of 12075834?
2
What is the tens digit of 25278738?
3
What is the thousands digit of 195725?
5
What is the hundreds digit of 4020927?
9
What is the units digit of 4935960?
0
What is the units digit of 2949051?
1
What is the units digit of 751202?
2
What is the millions digit of 3920770?
3
What is the thousands digit of 23976269?
6
What is the hundreds digit of 218702?
7
What is the hundreds digit of 243786?
7
What is the ten thousands digit of 7417412?
1
What is the hundreds digit of 25107334?
3
What is the tens digit of 11619747?
4
What is the tens digit of 41513?
1
What is the hundred thousands digit of 6468529?
4
What is the hundreds digit of 11815?
8
What is the hundreds digit of 305583?
5
What is the hundreds digit of 18783426?
4
What is the units digit of 11179749?
9
What is the ten millions digit of 17506037?
1
What is the thousands digit of 412280?
2
What is the hundreds digit of 333136?
1
What is the tens digit of 234845?
4
What is the tens digit of 99546?
4
What is the hundreds digit of 50856?
8
What is the hundreds digit of 1033352?
3
What is the ten thousands digit of 450376?
5
What is the hundreds digit of 2269097?
0
What is the units digit of 747397?
7
What is the millions digit of 3353940?
3
What is the ten thousands digit of 283044?
8
What is the thousands digit of 25239407?
9
What is the tens digit of 842896?
9
What is the hundred thousands digit of 2561838?
5
What is the thousands digit of 1163403?
3
What is the thousands digit of 139615?
9
What is the hundreds digit of 8771348?
3
What is the hundreds digit of 4116058?
0
What is the hundreds digit of 537205?
2
What is the tens digit of 163662?
6
What is the ten thousands digit of 2579636?
7
What is the hundred thousands digit of 999380?
9
What is the thousands digit of 1618432?
8
What is the hundreds digit of 1593370?
3
What is the thousands digit of 13327326?
7
What is the hundred thousands digit of 1150670?
1
What is the units digit of 523619?
9
What is the thousands digit of 136709?
6
What is the hundred thousands digit of 597028?
5
What is the ten thousands digit of 1828152?
2
What is the hundreds digit of 12202015?
0
What is the tens digit of 119237?
3
What is the units digit of 211483?
3
What is the hundreds digit of 283622?
6
What is the ten millions digit of 18902383?
1
What is the ten thousands digit of 984511?
8
What is the tens digit of 1450415?
1
What is the units digit of 10484164?
4
What is the ten thousands digit of 2355042?
5
What is the millions digit of 2066379?
2
What is the hundreds digit of 1148991?
9
What is the ten thousands digit of 580636?
8
What is the thousands digit of 335036?
5
What is the hundreds digit of 1822531?
5
What is the thousands digit of 1177748?
7
What is the ten millions digit of 26910753?
2
What is the thousands digit of 121647?
1
What is the thousands digit of 1030421?
0
What is the thousands digit of 475148?
5
What is the hundred thousands digit of 409054?
4
What is the hundred thousands digit of 3539974?
5
What is the units digit of 3924209?
9
What is the hundred thousands digit of 301474?
3
What is the hundred thousands digit of 976621?
9
What is the units digit of 137913?
3
What is the thousands digit of 535011?
5
What is the ten thousands digit of 100162?
0
What is the hundreds digit of 25977889?
8
What is the ten thousands digit of 1409934?
0
What is the thousands digit of 849145?
9
What is the tens digit of 1401823?
2
What is the units digit of 130451?
1
What is the units digit of 18703612?
2
What is the ten thousands digit of 18553064?
5
What is the thousands digit of 107724?
7
What is the hundred thousands digit of 741305?
7
What is the units digit of 120452?
2
What is the ten thousands digit of 97146?
9
What is the ten thousands digit of 1952389?
5
What is the thousands digit of 519603?
9
What is the millions digit of 1726429?
1
What is the thousands digit of 50351?
0
What is the tens digit of 37938958?
5
What is the ten thousands digit of 348429?
4
What is the ten thousands digit of 858544?
5
What is the tens digit of 3153216?
1
What is the units digit of 85311?
1
What is the millions digit of 2585243?
2
What is the hundreds digit of 3129632?
6
What is the thousands digit of 2277905?
7
What is the units digit of 736509?
9
What is the ten thousands digit of 16122903?
2
What is the units digit of 782970?
0
What is the hundred thousands digit of 34694797?
6
What is the hundred thousands digit of 4717154?
7
What is the tens digit of 363865?
6
What is the thousands digit of 19214757?
4
What is the units digit of 7192515?
5
What is the ten thousands digit of 1354102?
5
What is the ten thousands digit of 334356?
3
What is the units digit of 211788?
8
What is the ten thousands digit of 13388067?
8
What is the units digit of 12812992?
2
What is the tens digit of 384707?
0
What is the ten thousands digit of 579629?
7
What is the hundred thousands digit of 3500656?
5
What is the tens digit of 1035275?
7
What is the hundreds digit of 38222125?
1
What is the tens digit of 1632847?
4
What is the hundred thousands digit of 3030130?
0
What is the tens digit of 1982486?
8
What is the units digit of 64306?
6
What is the millions digit of 7054712?
7
What is the thousands digit of 106515?
6
What is the units digit of 794719?
9
What is the hundred thousands digit of 1074197?
0
What is the hundreds digit of 522619?
6
What is the units digit of 212166?
6
What is the units digit of 2900426?
6
What is the thousands digit of 26445?
6
What is the hundreds digit of 801354?
3
What is the tens digit of 113763?
6
What is the tens digit of 431394?
9
What is the ten thousands digit of 1015277?
1
What is the hundreds digit of 1302284?
2
What is the hundreds digit of 6897890?
8
What is the thousands digit of 840494?
0
What is the ten thousands digit of 206932?
0
What is the units digit of 322657?
7
What is the tens digit of 361377?
7
What is the millions digit of 3906724?
3
What is the hundreds digit of 315592?
5
What is the tens digit of 3106?
0
What is the hundreds digit of 241281?
2
What is the thousands digit of 198577?
8
What is the tens digit of 15827913?
1
What is the thousands digit of 7575260?
5
What is the ten thousands digit of 1113763?
1
What is the tens digit of 15482714?
1
What is the units digit of 7711734?
4
What is the thousands digit of 2454942?
4
What is the hundreds digit of 134781?
7
What is the hundreds digit of 